 f(u) = -u**3 - 18*u**2 + 17*u - 31. Determine f(-19).
7
Let s(i) = -i**2 - 23*i + 38. Give s(-17).
140
Let l(i) = 3*i + 3. Determine l(-1).
0
Let c(a) = -16*a + 88. Give c(6).
-8
Let c(v) = -v**2 + 3*v + 54. What is c(-6)?
0
Let l(j) = -3*j + 35. Calculate l(14).
-7
Let d(o) = o**3 - 22*o**2 + 19*o + 45. Determine d(21).
3
Let g(j) = -j**2 - j + 37. Calculate g(6).
-5
Let k(c) = -2*c**2 - 6*c + 9. What is k(-6)?
-27
Let z(m) = m + 35. Give z(-12).
23
Let x(q) = -7*q - 22. What is x(-3)?
-1
Let i(m) = -m**2 - 4*m + 4. Determine i(-5).
-1
Let c(j) = 7*j**2 + 3*j + 21. Determine c(-3).
75
Let v(a) = 6*a + 192. Give v(-35).
-18
Let v(s) = -s**3 + s**2 - s + 2. What is v(2)?
-4
Let h(a) = -5*a**2 - 6*a - 11. What is h(-5)?
-106
Let t(k) = 17*k**2 + 66*k - 7. Give t(-4).
1
Let s(v) = 16*v + 20. Give s(-1).
4
Let p(c) = -c**3 + 11*c**2 - 10*c - 19. What is p(10)?
-19
Let d(p) = -p**2 + 24*p - 48. What is d(22)?
-4
Let m(n) = -n**2 + 32*n - 61. What is m(30)?
-1
Let k(q) = -2*q**2 - 3*q + 5. Calculate k(1).
0
Let o(a) = -a**2 - 11*a + 18. What is o(-10)?
28
Let w(p) = p**3 + 6*p**2 - 3*p - 7. Give w(-6).
11
Let g(u) = 7*u**2 + 3*u + 3. Calculate g(-2).
25
Let x(a) = -a**3 + 2*a**2 + 5*a + 7. Determine x(4).
-5
Let x(c) = c**3 - 10*c**2 - 8*c + 21. What is x(11)?
54
Let q(i) = -2*i**2 + 13*i + 5. What is q(6)?
11
Let a(x) = -x**3 + 5*x**2 + 6*x - 3. Determine a(5).
27
Let y(d) = 2*d**2 - 2*d - 12. Give y(0).
-12
Let n(a) = -a**3 + 10*a**2 + 7*a + 35. Give n(11).
-9
Let y(t) = 3*t + 4. What is y(-10)?
-26
Let n(m) = 3*m - 7. Calculate n(3).
2
Let w(f) = 4*f**2 + 11*f + 8. Calculate w(-2).
2
Let w(y) = 5*y**2 + 2*y. Give w(-1).
3
Let o(z) = -51*z + 305. What is o(6)?
-1
Let b(r) = -32*r + 9. Give b(2).
-55
Let x(z) = -2*z**3 - 15*z**2 + 9*z + 9. Calculate x(-8).
1
Let v(q) = 4*q + 66. Calculate v(-17).
-2
Let m(b) = -b**3 + 24*b**2 - b + 17. Calculate m(24).
-7
Let k(a) = -6*a - 2. Determine k(2).
-14
Let u(l) = 77*l - 2. What is u(-1)?
-79
Let t(i) = 4*i**2 - 24*i + 21. Give t(1).
1
Let h(b) = 2*b**2 - 29*b - 3. What is h(15)?
12
Let a(r) = -r**3 - 15*r**2 - 2*r - 16. Give a(-15).
14
Let z(s) = s**3 + 2*s**2 + 2*s + 32. Determine z(-4).
-8
Let k(g) = g**3 - 11*g - 11. Determine k(-3).
-5
Let g(i) = -i**3 + 8*i**2 + 17*i + 22. Determine g(10).
-8
Let h(y) = -y**2 - 2*y + 23. Determine h(0).
23
Let d(s) = -s**3 + 17*s**2 - 8. Give d(17).
-8
Let s(r) = r**3 + 9*r**2 + 11*r + 1. Give s(-8).
-23
Let v(l) = -8*l - 25. Calculate v(-5).
15
Let l(k) = -5*k**2 - 25*k + 17. What is l(-7)?
-53
Let r(q) = q**3 + q - 94. Determine r(0).
-94
Let w(m) = 2*m**2 + 38*m + 133. Calculate w(-14).
-7
Let a(n) = -n**3 - 4*n**2 + 8*n - 13. Calculate a(-6).
11
Let m(w) = -w**3 + 3*w**2 + 8*w - 12. Give m(5).
-22
Let q(c) = -c**3 + 19*c**2 - 33*c - 34. What is q(17)?
-17
Let o(w) = -w**3 - 20*w**2 + 4*w + 11. Give o(-20).
-69
Let w(t) = 3*t**3 + t**2 + t - 1. Give w(2).
29
Let j(h) = -3*h**2 + 3*h + 6. Determine j(3).
-12
Let u(a) = a**2 + 12*a + 15. What is u(-11)?
4
Let r(d) = d**3 + 14*d**2 + 12*d - 2. Calculate r(-13).
11
Let p(b) = -b + 7. Give p(11).
-4
Let c(r) = r**3 - 29*r**2 + 137*r + 32. Determine c(23).
9
Let j(s) = -s**2 + 10*s + 4. What is j(8)?
20
Let z(f) = -f**3 + 9*f**2 - 12*f + 5. Calculate z(7).
19
Let n(g) = g**3 - 13*g**2 - 8*g - 94. Give n(14).
-10
Let x(v) = 2*v**3 - 35*v**2 + 14*v + 56. What is x(17)?
5
Let q(h) = h**3 + 5*h**2 + 6*h. What is q(-5)?
-30
Let l(b) = -b**3 + 2*b**2 + 5*b - 2. What is l(-3)?
28
Let h(r) = r**3 + 2*r**2 - 3*r + 2. Give h(-4).
-18
Let q(k) = 3*k - 22. What is q(10)?
8
Let h(b) = b**3 - 47*b**2 + b - 52. What is h(47)?
-5
Let y(a) = a**2 - a + 50. Give y(0).
50
Let f(a) = a**2 + 19*a + 5. Determine f(-19).
5
Let x(s) = 3*s + 9. What is x(-4)?
-3
Let p(t) = -6*t + 72. Give p(13).
-6
Let l(r) = -r**3 - 3*r**2 + 3*r + 5. Determine l(-2).
-5
Let h(i) = i**3 + 6*i**2 + 3*i + 3. Determine h(-5).
13
Let s(u) = u**3 + 2*u**2 - 3*u + 1. Calculate s(-4).
-19
Let s(g) = g**3 - 10*g**2 + 11*g - 4. Determine s(9).
14
Let b(t) = -2*t**3 + 85*t**2 - 41*t - 36. Give b(42).
6
Let x(v) = -v**3 + 2*v**2 - 2*v + 9. Determine x(3).
-6
Let g(b) = 4*b - 1. Calculate g(-4).
-17
Let q(d) = -d**3 + 11*d**2 - 18*d - 12. What is q(9)?
-12
Let d(g) = g**3 - 4*g**2 - 11*g + 9. Determine d(4).
-35
Let j(a) = a**2 + 11*a + 25. What is j(-9)?
7
Let v(o) = 2*o**3 + 2*o**2 + o - 2. Give v(-2).
-12
Let x(z) = -16*z - 11. Determine x(7).
-123
Let n(u) = u**3 - 11*u**2 + 17*u - 69. Calculate n(10).
1
Let h(z) = -3*z - 12. What is h(0)?
-12
Let f(p) = 2*p - 29. Give f(14).
-1
Let l(m) = m**3 + 11*m**2 + 13*m - 22. Determine l(-9).
23
Let o(i) = -3*i + 7. Give o(13).
-32
Let i(c) = c**3 + 8*c**2 + 4*c - 9. What is i(-7)?
12
Let s(i) = 8*i - 16. Calculate s(-10).
-96
Let y(h) = -h**3 - 15*h**2 + 15*h - 39. Give y(-16).
-23
Let v(j) = -j**3 + 17*j**2 + 20*j - 24. Determine v(18).
12
Let i(w) = 3*w**2 - 27*w + 22. Determine i(9).
22
Let f(t) = t**2 - 8*t - 5. What is f(6)?
-17
Let g(p) = -12*p - 33. Give g(-6).
39
Let t(n) = 11*n - 9. What is t(2)?
13
Let j(v) = -v**3 - 6*v**2 + 3*v + 6. What is j(-7)?
34
Let c(i) = 7*i - 9. Give c(-8).
-65
Let b(d) = -d**3 + 17*d**2 - 14*d - 16. Determine b(16).
16
Let l(z) = -z**3 - 13*z**2 - 11*z + 10. Calculate l(-12).
-2
Let l(c) = -7*c - 58. Give l(-7).
-9
Let w(i) = -27*i**2 - 52*i + 2. Determine w(-2).
-2
Let w(p) = -p**2 + 7*p + 12. Calculate w(8).
4
Let l(z) = -z**2 + 12*z - 20. What is l(11)?
-9
Let i(m) = 2*m**2 - 8*m - 45. What is i(8)?
19
Let d(i) = -i**2 + 16*i + 130. Calculate d(22).
-2
Let g(p) = 164*p - 495. Determine g(3).
-3
Let v(h) = h**2. Determine v(0).
0
Let a(d) = -d - 19. Determine a(-18).
-1
Let b(o) = 3*o**2 - 2*o - 2. Determine b(6).
94
Let v(g) = 304*g - 1820. What is v(6)?
4
Let j(g) = g**3 + 10*g**2 - 37*g + 30. Determine j(-13).
4
Let u(y) = y**3 + 5*y**2 + y + 1. Give u(-5).
-4
Let j(c) = c**2 - 15*c - 13. Determine j(15).
-13
Let v(t) = -t**3 - 6*t**2 + t + 9. What is v(-6)?
3
Let p(u) = 49*u - 777. What is p(16)?
7
Let q(h) = h**2 - 7*h - 7. Give q(7).
-7
Let w(p) = -p**2 - 4*p + 25. Calculate w(3).
4
Let h(g) = 6*g + 29. Give h(-9).
-25
Let j(f) = -f**2 + 16*f + 53. Determine j(19).
-4
Let w(z) = -5*z - 7. Calculate w(-3).
8
Let y(l) = -2*l - 45. What is y(-22)?
-1
Let f(l) = -4*l**2 + 73*l - 4. Give f(18).
14
Let q(x) = -x**2 - 10*x - 17. What is q(-8)?
-1
Let z(d) = -4*d + 15. Give z(6).
-9
Let o(v) = 8*v - 21. Calculate o(4).
11
Let g(z) = -z**3 + 65*z**2 + 73*z - 461. What is g(66)?
1
Let r(q) = q**2 - 6*q - 36. Determine r(8).
-20
Let c(r) = r**3 + 11*r**2 + 7*r - 21. Determine c(-11).
-98
Let n(q) = -q**2 - q + 2. What is n(3)?
-10
Let h(v) = -12*v + 122. Give h(10).
2
Let l(g) = -5*g**2 + 5*g - 3. Calculate l(-3).
-63
Let x(f) = f**2 + 12*f - 12. Determine x(-13).
1
Let i(u) = 18*u + 3. What is i(-1)?
-15
Let s(u) = -u + 10. Calculate s(11).
-1
Let v(s) = 11*s + 22. Calculate v(-2).
0
Let j(y) = 2*y**3 - 66*y**2 + 62*y + 64. Determine j(32).
0
Let l(w) = -w**2 + 37*w - 64. Give l(35).
6
Let j(u) = -u**3 - 4*u**2 + 35*u + 1. Calculate j(4).
13
Let j(q) = -9*q + 167. Give j(16).
23
Let z(x) = x**3 - 6*x**2 + 5*x + 12. Calculate z(6).
42
Let g(p) = p**3 + 3*p**2 - 32*p + 17. What is g(4)?
1
Let g(a) = a**2 + 27*a - 96. Give g(-30).
-6
Let p(a) = -a**2 - 5*a - 10. Determine p(-3).
-4
Let t(f) = -2*f**2 - 15*f - 12. Determine t(-5).
13
Let b(l) = -29*l + 197. What is b(7)?
-6
Let a(f) = f**3 + 28*f**2 + f + 62. Calculate a(-28).
34
Let t(j) = 16*j - 4. Determine t(-3).
-52
Let u(n) = -4*n - 12. Calculate u(-5).
8
Let u(w) = -2*w**3 - 2*w**2 - 2*w - 2. Determine u(-2).
10
Let l(r) = -r**2 - 17*r - 64. What is l(-8)?
8
Let i(n) = -n**3 + 3*n**2 + 7*n - 3. Calculate i(4).
9
Let x(f) = -f**3 + f**2 - 5*f + 4. Calculate x(2).
-10
Let c(x) = 8*x - 287. Determine c(36).
1
Let s(v) = v**2 - 74*v + 788. What is s(13)?
-5
Let b(i) = i + 7. Give b(-5).
2
Let k(b) = -b**3 - 4*b**2 - 5*b - 2. Calculate k(-3).
4
Let z(s) = -2*s**2 - 20*s - 42. What is z(-5)?
8
Let k(i) = -i**2 + i - 3. Determine k(4).
-15
Let q(t) = -t**2 - 10*t - 33. What is q(-4)?
-9
Let v(q) = q**3 + 3*q**2 + 2*q + 1. Give v(-2).
1
Let b(x) = -x**3 + 5*x**2 + 3*x - 17. Determine b(3).
10
Let u(o) = -o**2 - 8*o - 19. Give u(-5).
-4
Let 